 is the units digit of 194107?
7
What is the units digit of 11601?
1
What is the hundred thousands digit of 1834672?
8
What is the thousands digit of 19210?
9
What is the hundreds digit of 389131?
1
What is the millions digit of 7294956?
7
What is the ten thousands digit of 739815?
3
What is the tens digit of 278203?
0
What is the hundred thousands digit of 129269?
1
What is the thousands digit of 4427113?
7
What is the units digit of 282686?
6
What is the hundreds digit of 10416535?
5
What is the units digit of 3957339?
9
What is the ten thousands digit of 220314?
2
What is the hundred thousands digit of 580953?
5
What is the hundred thousands digit of 15118271?
1
What is the hundreds digit of 1008063?
0
What is the tens digit of 115003?
0
What is the tens digit of 963024?
2
What is the tens digit of 1587909?
0
What is the hundred thousands digit of 732066?
7
What is the hundreds digit of 782443?
4
What is the hundreds digit of 5571490?
4
What is the ten thousands digit of 855602?
5
What is the thousands digit of 282940?
2
What is the ten thousands digit of 1641760?
4
What is the hundred thousands digit of 463821?
4
What is the millions digit of 39983772?
9
What is the tens digit of 11835618?
1
What is the thousands digit of 336946?
6
What is the hundred thousands digit of 538562?
5
What is the thousands digit of 2905841?
5
What is the thousands digit of 2222673?
2
What is the hundred thousands digit of 4524690?
5
What is the tens digit of 3611458?
5
What is the tens digit of 312839?
3
What is the hundreds digit of 57872?
8
What is the hundred thousands digit of 3360644?
3
What is the ten thousands digit of 321551?
2
What is the hundreds digit of 30429?
4
What is the hundreds digit of 2146375?
3
What is the hundred thousands digit of 22788171?
7
What is the tens digit of 3597774?
7
What is the hundred thousands digit of 1535292?
5
What is the tens digit of 9704523?
2
What is the ten thousands digit of 1021636?
2
What is the hundred thousands digit of 4157485?
1
What is the units digit of 382765?
5
What is the hundred thousands digit of 183964?
1
What is the tens digit of 4096477?
7
What is the tens digit of 217576?
7
What is the thousands digit of 395752?
5
What is the tens digit of 242213?
1
What is the hundred thousands digit of 13285556?
2
What is the hundred thousands digit of 1485660?
4
What is the ten thousands digit of 253308?
5
What is the ten thousands digit of 705508?
0
What is the units digit of 3743611?
1
What is the hundreds digit of 1126816?
8
What is the ten thousands digit of 1553889?
5
What is the hundreds digit of 2045678?
6
What is the hundred thousands digit of 305874?
3
What is the units digit of 208881?
1
What is the tens digit of 888660?
6
What is the hundreds digit of 217606?
6
What is the hundred thousands digit of 14934762?
9
What is the hundred thousands digit of 11397682?
3
What is the thousands digit of 97939?
7
What is the ten thousands digit of 681131?
8
What is the hundred thousands digit of 643703?
6
What is the hundred thousands digit of 20118511?
1
What is the units digit of 8064287?
7
What is the hundreds digit of 8949208?
2
What is the thousands digit of 27502718?
2
What is the tens digit of 122070?
7
What is the thousands digit of 222420?
2
What is the thousands digit of 382300?
2
What is the ten thousands digit of 742008?
4
What is the millions digit of 1251021?
1
What is the thousands digit of 265033?
5
What is the hundred thousands digit of 14383720?
3
What is the hundred thousands digit of 145352?
1
What is the units digit of 1645994?
4
What is the ten thousands digit of 913532?
1
What is the tens digit of 321354?
5
What is the ten millions digit of 19125384?
1
What is the tens digit of 134815?
1
What is the ten thousands digit of 1320000?
2
What is the tens digit of 4142645?
4
What is the hundred thousands digit of 179450?
1
What is the millions digit of 3142146?
3
What is the ten thousands digit of 1296680?
9
What is the thousands digit of 864854?
4
What is the hundred thousands digit of 860376?
8
What is the ten thousands digit of 28352326?
5
What is the thousands digit of 6232602?
2
What is the thousands digit of 190751?
0
What is the units digit of 2412924?
4
What is the hundred thousands digit of 756269?
7
What is the tens digit of 872275?
7
What is the units digit of 242724?
4
What is the tens digit of 380898?
9
What is the tens digit of 4737665?
6
What is the units digit of 2768442?
2
What is the hundreds digit of 208888?
8
What is the thousands digit of 4866368?
6
What is the units digit of 791959?
9
What is the ten thousands digit of 3638837?
3
What is the units digit of 18697?
7
What is the units digit of 36718?
8
What is the thousands digit of 1270968?
0
What is the ten thousands digit of 221104?
2
What is the units digit of 3804742?
2
What is the units digit of 348967?
7
What is the tens digit of 1675837?
3
What is the thousands digit of 2989357?
9
What is the ten thousands digit of 158733?
5
What is the ten thousands digit of 123011?
2
What is the ten thousands digit of 226446?
2
What is the hundred thousands digit of 401544?
4
What is the tens digit of 3660976?
7
What is the units digit of 103731?
1
What is the units digit of 903888?
8
What is the hundred thousands digit of 18501290?
5
What is the hundreds digit of 25764485?
4
What is the units digit of 28564627?
7
What is the thousands digit of 3461330?
1
What is the tens digit of 1388774?
7
What is the ten thousands digit of 8603685?
0
What is the thousands digit of 422262?
2
What is the thousands digit of 14330116?
0
What is the ten thousands digit of 873628?
7
What is the thousands digit of 27886?
7
What is the ten thousands digit of 1251381?
5
What is the units digit of 4068624?
4
What is the tens digit of 7865?
6
What is the thousands digit of 750849?
0
What is the ten thousands digit of 946486?
4
What is the hundreds digit of 66339?
3
What is the thousands digit of 1066876?
6
What is the thousands digit of 379016?
9
What is the ten thousands digit of 4417464?
1
What is the hundred thousands digit of 5967423?
9
What is the ten thousands digit of 2270022?
7
What is the millions digit of 2974539?
2
What is the millions digit of 1889439?
1
What is the tens digit of 1186283?
8
What is the hundreds digit of 9789817?
8
What is the thousands digit of 4754472?
4
What is the hundreds digit of 20150207?
2
What is the units digit of 193630?
0
What is the ten thousands digit of 554034?
5
What is the hundreds digit of 4019?
0
What is the millions digit of 1345413?
1
What is the thousands digit of 1428994?
8
What is the units digit of 2251354?
4
What is the thousands digit of 278879?
8
What is the millions digit of 1741887?
1
What is the thousands digit of 1705596?
5
What is the hundreds digit of 2193754?
7
What is the thousands digit of 6392054?
2
What is the hundreds digit of 23619?
6
What is the hundred thousands digit of 6441679?
4
What is the thousands digit of 303124?
3
What is the hundred thousands digit of 435862?
4
What is the hundreds digit of 44904?
9
What is the units digit of 679543?
3
What is the units digit of 454494?
4
What is the ten thousands digit of 606923?
0
What is the hundred thousands digit of 431965?
4
What is the hundred thousands digit of 4358016?
3
What is the ten thousands digit of 9987368?
8
What is the tens digit of 3786083?
8
What is the tens digit of 3016851?
5
What is the ten thousands digit of 15054570?
5
What is the hundred thousands digit of 2126427?
1
What is the tens digit of 457850?
5
What is the hundreds digit of 480435?
4
What is the hundreds digit of 2530548?
5
What is the tens digit of 575775?
7
What is the hundreds digit of 5407472?
4
What is the hundreds digit of 241140?
1
What is the units digit of 407073?
3
What is the thousands digit of 202524?
2
What is the hundreds digit of 124580?
5
What is the thousands digit of 101883?
1
What is the ten thousands digit of 2411900?
1
What is the ten thousands digit of 2146352?
4
What is the hundreds digit of 47568?
5
What is the units digit of 2108447?
7
What is the hundreds digit of 112168?
1
What is the units digit of 1295339?
9
What is the thousands digit of 15693981?
3
What is the hundred thousands digit of 454658?
4
What is the millions digit of 164